 130/10)?
1
Let f = 994 + -156. Suppose 9*r - 854 = f. What is the tens digit of r?
8
Let f(y) = 27*y + 1. Let v be 0/(-1 - 0 - 2). Suppose a - 2 = -3*u, v = 5*u - 0*u + 2*a - 3. What is the tens digit of f(u)?
2
Let n = 15 + -14. Let w be (4 - n - 0) + -4. Let u(j) = -32*j**3 - j**2 - j. What is the units digit of u(w)?
2
Suppose 0 = 5*y - 4*i + 87, -y - 99 = 4*y + 2*i. Let f = -14 - y. Suppose 7*o - 110 = f*o. What is the tens digit of o?
5
Let m(t) = -t**2 - t + 7. Suppose 4*v - 5*o - 28 = 0, 2*o + 3 = -3*v + 1. Suppose -v*q = q. What is the units digit of m(q)?
7
Let r(f) = 7*f - 99. What is the tens digit of r(32)?
2
Let p(r) = -11*r**3 - 10*r**2 - 56*r + 13. What is the units digit of p(-6)?
5
Let v(p) = 6*p**2 - 3*p + 6. Let u be (3/3)/(-1) + -2. Let q = 6 + u. What is the tens digit of v(q)?
5
Let i(b) = -b**2 + 13*b + 23. Suppose 3*w - 7*w = -44. What is the units digit of i(w)?
5
Let j = -1351 + 3015. What is the units digit of j?
4
Let o(n) = 14*n + 13. Let p be o(11). Let q be (-4 - 2/(-2)) + 3. Suppose 0 = 5*c - q*b + b - 195, 4*c = -3*b + p. What is the tens digit of c?
3
Suppose 5*k = 3*t + 1917, -3*t + 4*t - 1520 = -4*k. What is the hundreds digit of k?
3
Suppose 21*m - 20252 = 20446. What is the hundreds digit of m?
9
Let w(f) = 59*f + 6. Let y be w(2). Let m = y + -32. What is the tens digit of m?
9
Let h(m) = -21*m**3 + 4*m**2 - m. Let s(o) = 41*o**3 - 7*o**2 + 2*o. Suppose -2*d + 16 = -6*d. Let c(x) = d*s(x) - 7*h(x). What is the units digit of c(-1)?
8
Suppose -2*j - 6 = j. Let y be 3/(-3)*j + 2. Suppose m = -2*m + 15, y*t = -2*m + 18. What is the units digit of t?
2
Let b(s) = -s**3 + 25*s**2 + 25*s + 40. Let d be b(26). Suppose -p - 2*m + d = 0, 4*p + 0*p - 67 = 3*m. What is the tens digit of p?
1
Suppose -4*q + 531 + 5475 = -2*m, 5*m = -5. What is the units digit of q?
1
Let z = 285 + 378. What is the tens digit of z?
6
Let s = -615 - -1393. What is the hundreds digit of s?
7
Suppose 59 = 12*m + 11. Suppose -2*b - 374 = -3*x, 0*b = m*x - b - 507. What is the hundreds digit of x?
1
Let m = 20 - 26. Let g be (-1 + -3)/(m/123). Let h = g + -44. What is the tens digit of h?
3
Let r(s) = -5*s**3 + 3*s**2 - 4*s. Let a(w) = -w**3 - w + 1. Let q(g) = 4*a(g) - r(g). Let b(v) = 2*v - 7. Let k be b(5). What is the units digit of q(k)?
4
Let w(v) = -v**2 - 11*v + 140. Let b(t) = -t - 1. Let g(l) = -2*b(l) + w(l). What is the units digit of g(0)?
2
Let n be (-2 - -382)/(-4)*-2. Suppose 6*q = 4*q + 4*x + n, 0 = -2*q + 2*x + 198. What is the tens digit of q?
0
Let o be ((-8)/5)/((-16)/120). Suppose 3*l = 3*z + 3, 0 = 2*z + 4 - o. Suppose -l*w + 6*w - 1 = 0. What is the units digit of w?
1
Suppose 0 = -2*c + 3*r + 413, 603 = -0*c + 3*c + r. Suppose -44 = 2*s - c. What is the units digit of s?
9
Let d = 6 + -3. Suppose -6*t = -d*t - 6. Suppose 3*s - 18 = t*s. What is the tens digit of s?
1
Let k(m) = 2*m + 19. Let b(c) = c**2 - 16*c + 33. Let f(v) = -v**2 - 9*v - 4. Let y be f(-6). Let j be b(y). What is the units digit of k(j)?
9
Let z(k) = -k**3 - 5*k**2 - 11. Suppose -2*i - 15 = -x, 2*x + 33 = -5*i + 3*x. What is the tens digit of z(i)?
2
Let o(v) = -v**3 + 16*v**2 - 12*v + 10. Let j = 24 + -9. Let s be o(j). Let h = 84 - s. What is the tens digit of h?
2
Let c = 1886 - 864. What is the thousands digit of c?
1
Let p(n) = 15*n + 58. What is the hundreds digit of p(26)?
4
Let f(i) = i**2 - i + 28. What is the tens digit of f(-12)?
8
Let o = 298 - 202. Let u = -71 + o. What is the tens digit of u?
2
What is the thousands digit of ((-3612)/(-215))/(4/630)?
2
Let x be (12 - 27) + (1 - 1/1). What is the units digit of (19*(-1)/(-3))/(x/(-135))?
7
Suppose -19*c - 9618 = -33*c. What is the units digit of c?
7
Suppose -8 = 12*p - 44. Suppose -5*t + 222 = -t + 2*x, -p = -x. What is the units digit of t?
4
Suppose 2425*j + 7042 = 2432*j. What is the thousands digit of j?
1
What is the tens digit of ((-3558)/12)/(2/(-4))?
9
Let u be (6 + -3 - 4)*12. What is the units digit of ((-80)/6)/(u/54)?
0
Let c be 8/(-6) - (-36)/27. Suppose 5*q - 3*q - 4 = c. What is the units digit of q?
2
Suppose 2*y - 499 = 47. Suppose -5*m + y = 2*r, -4*m = -0*m + 4. What is the units digit of r?
9
Suppose -3 = 3*h - 4*h. Suppose x + 14 = h*q, 5*x - 2*x + 2*q - 2 = 0. What is the units digit of (7 + 9)*(-1)/x?
8
Let w(f) = f**2 - 8*f + 15. Let k be w(6). Suppose 0 = -4*b + 3*b - k, 0 = 4*l + b - 277. What is the tens digit of l?
7
Suppose -4*n + 217 = -4*v - 995, -5*n + v + 1519 = 0. Suppose -4*l + 5*r = -353, 3*l = 3*r - 40 + n. What is the tens digit of l?
8
What is the thousands digit of -1 + 1793 - (-89 - -79)?
1
Let j be (45/12)/(-1 - (-3)/4). Let r = -12 - j. What is the units digit of r?
3
What is the hundreds digit of (-9860)/(-35) + (-6)/(-21)?
2
Suppose 0 = 4*q - 11*q + 105. Suppose -b + 50 = s, 5 = 5*b - q. What is the units digit of s?
6
Let b = 106 - 56. Let r = 98 - b. What is the tens digit of r?
4
Suppose i - 168 = -5*f, 4*i + 48 = 4*f - 96. Suppose f*s = 26*s + 568. What is the tens digit of s?
7
Let l(n) = -n + 10. Let g be l(7). Let q be (-1 - -57) + 0 + (20 - 21). Suppose -g*k + q = -29. What is the units digit of k?
8
Let k be 29 - (2 - (-4)/(-2)). Suppose -3*u + k = -34. What is the tens digit of u?
2
What is the thousands digit of (1 + 114)*(-2)/((-8)/124)?
3
Suppose 0 = -3*y + 2 - 5, 0 = -3*p + 4*y + 16. Suppose -s + 4 = 0, -p*h + 6*s - 4*s + 20 = 0. What is the units digit of h?
7
Suppose 0 = 2*f - 47 - 217. Suppose -f = -4*d + 112. What is the units digit of d?
1
Let n(g) = 43*g**3 - g**2 + g. What is the tens digit of n(1)?
4
Suppose 0 = 3*z - 6*z + 30. What is the tens digit of 248/z - 7/(-35)?
2
Let a be (47 - 1)*3/(-2). Let u = a - -153. Let f = 119 - u. What is the units digit of f?
5
Let x be (-1*4)/(0 - 4). What is the tens digit of 489/9 - x/3?
5
Let g(a) = -12*a**3 + 11*a**3 + a**2 - 2*a + 3*a + 74. What is the units digit of g(0)?
4
Let x(s) be the third derivative of s**5/30 - 5*s**4/24 + s**3/3 - 4*s**2. Let m be x(3). Suppose 0 = -m*n + 4*n + 3. What is the units digit of n?
3
Suppose 2*r + 0*g = -5*g + 11, -14 = -4*r - 2*g. Let y be (-1 + r)/2*-2. Let i(u) = 2*u**2 - u - 1. What is the units digit of i(y)?
9
Let n = -54 - -31. Let v be 2/4 - (-1035)/30. Let x = n + v. What is the units digit of x?
2
Let a = 574 - 310. Let g = a - 111. What is the tens digit of g?
5
Let t be (-20)/(-6)*(-6)/(-5). Suppose t*v = -3*v + 126. What is the units digit of v?
8
Let n(i) = -2059*i**3 + 11*i**2 + 12*i + 1. What is the thousands digit of n(-1)?
2
Let l = -301 + 608. What is the hundreds digit of l?
3
Let z be 12/(-5) + (-16)/(-40). Let a(b) = 2*b**2 + 3*b + 3. Let j be a(z). Let d = -4 + j. What is the units digit of d?
1
Let j(p) = -3*p**2 - 5*p - 126. Let o(v) = -4*v**2 - 6*v - 126. Let z(k) = -5*j(k) + 4*o(k). What is the tens digit of z(0)?
2
Let r be 6 - (5 - (-3)/(-1)). Suppose -152 = -r*w + 2*t, w + 0 = 5*t + 20. What is the units digit of w?
0
Let m(r) = 5*r**2 + r - 142. What is the tens digit of m(-15)?
6
Let j = 236 - 152. What is the units digit of j?
4
Let y(b) = 85*b**3 + 8*b**2 + 3*b + 2. What is the tens digit of y(3)?
7
Let d(w) = -5*w**2 - 3*w - 2. Let q(p) = 4*p**2 + 2*p + 2. Let m(b) = 5*d(b) + 6*q(b). Let l be m(-4). What is the units digit of (-4 - -4) + (l - -10)?
8
Let y(x) = -x**2 + 126*x - 70. What is the hundreds digit of y(49)?
7
Let t be ((-6)/9*-3)/1. Suppose -2*j = -t*g - 4*j + 52, -3*g + 3*j + 54 = 0. What is the tens digit of g?
2
Let s(c) = 2*c + 1. Let u be s(-4). Let n(v) = 6*v**2 + v - 34. Let g(k) = -5*k**2 - 2*k + 30. Let m(q) = 5*g(q) + 4*n(q). What is the units digit of m(u)?
7
Suppose 0 = -26*y + 661 + 10233. What is the hundreds digit of y?
4
Let z(w) = -4*w**3 + 8*w**2 - 3*w - 4. Let m be z(3). Let v = 71 + m. What is the units digit of v?
2
Let g = 45 + -27. Suppose -j = g - 71. What is the units digit of j?
3
Let m be (-9)/(-12) + (-1178)/(-8). Suppose 4*n = -4*t + 192, 3*n - m = -t - t. Let w = n - 25. What is the tens digit of w?
2
Suppose -4*t + 22569 = -5*l, -5*t + 16894 = -4*l - 11315. What is the tens digit of t?
4
Let p(d) = -4*d + 13. Let c be p(-5). Suppose 124 = k + 5*t + c, 4*k - 439 = 5*t. What is the hundreds digit of k?
1
Suppose 140*b - 139*b = 680. What is the hundreds digit